f + p*c + 136, -5*f + 2*c + 170 = 0. What is the tens digit of f?
3
Let u = 2 - 7. Let x = u - -7. Suppose -56 = -x*g + g. What is the tens digit of g?
5
Let f be (-19 - -20)/(1/48). Suppose -2*i - f = -6*i. What is the units digit of i?
2
Let i(v) be the first derivative of -3 + 2 + 4*v - 2*v + v**2 - 4*v. What is the tens digit of i(12)?
2
Let h(v) = -v**3 + 5*v**2 + 8*v - 9. Let s be h(6). Let t(p) = -p**2 + 2*p + 4. Let y be t(s). What is the units digit of ((-32)/40)/(y/(-50))?
0
Let o = -22 + 8. Let w(z) = -z + 32. What is the units digit of w(o)?
6
Suppose -63 - 12 = -5*a. Let n = -7 + a. Suppose n + 14 = t. What is the tens digit of t?
2
Suppose -2*y + 1 + 31 = 0. Let n = y + -10. Suppose -2*b + n*b = 72. What is the units digit of b?
8
Let v = -13 - -9. Let b(r) = -2*r**2 - 4*r - 2. Let f be b(v). What is the units digit of -3 + 5 - (f - -2)?
8
Let o be ((-1)/(-2))/(4/(-64)). Let r be (6/o)/((-3)/12). What is the units digit of -3 + 69/r + -1?
9
What is the units digit of (720/300)/(2/865)?
8
Suppose 0*p - 21 = -3*p. Let f(m) = -m**3 + 10*m**2 + 2*m + 5. What is the units digit of f(p)?
6
Suppose 2*s + 4*b = 11740, 29559 = 5*s - 2*b + 149. What is the tens digit of s?
8
Let f = 57 - 40. Suppose o = 2*y + 10 - 45, o - 61 = -4*y. Suppose 3*l = y + f. What is the tens digit of l?
1
Suppose -6*h = -9*h + 24. Let g be 2/h - (-55)/20. Suppose -i = g*i - 124. What is the units digit of i?
1
Let m = -35 - -23. What is the tens digit of 5/(-30) - 314/m?
2
Let n(i) = i**3 - 15*i**2 - 14*i - 35. Let r be n(16). Let d(s) = -12*s + 1. Let l be d(5). Let t = r - l. What is the tens digit of t?
5
Let v = -17 - -24. Suppose -68 = -o + 3*l, -v*o = -3*o + l - 324. What is the tens digit of o?
8
Suppose 2*w + 4*f = 862 + 2950, -3 = -3*f. What is the units digit of w?
4
Suppose 4 = -7*y + 9*y. Suppose 0 - 86 = -y*u. What is the tens digit of u?
4
What is the tens digit of (2 - (-14)/(-6))*-1149?
8
What is the tens digit of (-3674)/(-2) + (17 - (29 - 6))?
3
Suppose 37*m + 5238 - 23923 = 0. What is the tens digit of m?
0
What is the units digit of (-148177)/(-355) + (-3)/(-5)?
8
Let h = 5064 + -1441. What is the units digit of h?
3
Let f(p) = -p**3 - 3*p**2 - 3. Let g = -8 - -4. Let v be f(g). Suppose -3*h = 3*r - 117, -184 + v = -4*h - r. What is the tens digit of h?
4
Let p = -77 - -473. What is the hundreds digit of p?
3
Let j(b) = -b**3 - 4*b**2 - 2*b + 7. Let x(y) = 14*y + 18*y - 5 - 30*y. Let p be x(0). What is the tens digit of j(p)?
4
Let n be 1/3*0 + (3 - 1). What is the units digit of n - 1803/(-9) - (-4)/6?
3
What is the hundreds digit of (-2 - 2)/((-52)/6682)?
5
Let u = 965 + -689. Suppose u = o + 2*o. What is the units digit of o?
2
Let l be 33/9*(0 + 165). Suppose -y + 6*y = l. Suppose 5 + y = 3*c. What is the units digit of c?
2
Let f = -127 + 132. Suppose -3*g + 164 = -g - 5*y, 4*g + f*y = 298. What is the tens digit of g?
7
What is the tens digit of (-25)/((-1000)/184064) + 3/(-5)?
0
Suppose 2*r - 503 = -0*r + 3*z, 3*r + 2*z = 722. What is the units digit of r?
4
Suppose 6*v - 24 = 3*v. Let s = v - 3. What is the units digit of s?
5
Suppose 2681 = -15*l + 18*l - d, 0 = 4*d - 4. What is the tens digit of l?
9
Suppose 5*g - 12 = -4*m, 5*g - 3*g + 2*m - 4 = 0. Suppose a - g = -2. Let i(p) = 2*p**2 - p - 4. What is the units digit of i(a)?
2
Let k(a) = 24*a + 1. Suppose 11 - 6 = 5*j. What is the tens digit of k(j)?
2
Suppose -2*d = 4*g - 16, -4*g + 4*d + 49 = 9. Suppose -24 - g = -3*c. Suppose o - 3*f + c = 2*o, 5*o = -2*f + 37. What is the units digit of o?
7
Suppose -10090 + 2530 = -4*v. What is the thousands digit of v?
1
What is the tens digit of ((-30)/12)/((-3)/6) + 219?
2
Let b = -140 - -74. Let l = 11 - b. What is the units digit of l?
7
Let h(r) = 8*r**2 - 3*r + 4. Let b(t) = t**3 - 14*t**2 - t + 11. Let p be b(14). What is the units digit of h(p)?
5
Suppose 4*o = -q + 4*q + 1394, 5*o + 5*q - 1760 = 0. Suppose o = 3*a + d, -a + 4*d = 3*a - 488. What is the hundreds digit of a?
1
Suppose 119 = 6*d + 29. Suppose 0 = -2*v + 105 - d. What is the tens digit of v?
4
Suppose 4*k - 25 = -4*j - 9, 0 = -4*j + k + 6. Suppose -3*m + 41 = -2*l - 3, -2*m - j*l + 16 = 0. What is the tens digit of 129/m - (-3)/(-4)?
1
Let l(j) = j**3 - 16*j**2 + j + 109. What is the hundreds digit of l(19)?
2
Let u(r) = -62*r + 22. Let g be 80/(-120) + ((-32)/6 - -1). What is the tens digit of u(g)?
3
Let l = 21 - 17. Let z(y) be the third derivative of y**4/4 + 2*y**2. What is the units digit of z(l)?
4
Suppose i + 387 = -2*t, 2*t - 2*i + 173 = -199. Let z = -117 - t. What is the units digit of z?
4
Suppose 0 = 5*b - b. Suppose -p + 6*p - 35 = b. Suppose -2*q - 135 = -p*q. What is the units digit of q?
7
Suppose 3*x + 15 = 0, 0*y - 2*y + 5*x = -29. What is the units digit of -4 + 8/y - -66?
6
Suppose 74*o = 77*o - 249. What is the tens digit of o?
8
What is the hundreds digit of 30/(-105) + 15000/21?
7
What is the hundreds digit of 3/2*(-32 + 358)?
4
Let n(p) = -16*p + 181. What is the hundreds digit of n(-5)?
2
Let f = 3581 + -2451. What is the units digit of f?
0
Let q(w) = w**3 - 6*w**2 - 10*w - 25. What is the tens digit of q(9)?
2
Let j(a) = -a. Let x(m) = -m**3 + 6*m**2 - 6*m + 3. Let c(n) = -6*j(n) + x(n). Let g be c(6). What is the units digit of ((-2)/g)/(16/(-552))?
3
Let h(k) = k**2 - 1. Let o(i) = 4*i**3 + 4*i**2 - 4*i. Let r(x) = -x - 10. Let b be r(-11). Let m(p) = b*o(p) - 4*h(p). What is the tens digit of m(2)?
2
Let r(l) = -37 + 12*l - 12 - 5*l. Let v(t) = -10*t + 73. Let q(y) = 7*r(y) + 5*v(y). What is the units digit of q(0)?
2
Suppose -3*x + z + 425 = -x, -3*z + 633 = 3*x. What is the tens digit of x?
1
Suppose 13 = -2*w - 4*b + b, 6 = 3*w - 4*b. Let r(x) be the second derivative of -2*x**5/5 - x**4/3 - 2*x**3/3 - 2*x**2 + 14*x. What is the tens digit of r(w)?
5
What is the units digit of 1591*(-3 - (-2 - 2)) - 6?
5
Let p(v) = -28*v - 9. Suppose -3*l + 4 = -5*g, 3*g - 2 + 4 = 2*l. What is the units digit of p(g)?
7
Suppose -5*z + v - 1283 = -8*z, 5*v = 2*z - 878. What is the tens digit of z?
2
What is the hundreds digit of (102882/156)/(2/4)?
3
Let p(b) = 48*b - 381. What is the hundreds digit of p(19)?
5
Suppose 33*c - 14375 = 10*c. What is the tens digit of c?
2
Let b(c) = -5*c - 7. Let z = 13 - 19. Let a be b(z). Suppose -4*o = 16, 2*w - a - 9 = -4*o. What is the tens digit of w?
2
Suppose -12*x + 4353 = -3219. Suppose 3*o - x = -2*t + 6*t, -831 = -4*o - 5*t. What is the tens digit of o?
0
Let z(y) = y**2 + 6*y**3 + 4*y**2 + 15*y - 6 + 2*y**3 - 12*y. Let s be z(6). What is the units digit of 6/(-14) + s/70?
7
Suppose -7*n + 16 + 19 = 0. Let k(z) = z**3 - 5*z**2 + 7*z - 7. What is the tens digit of k(n)?
2
Suppose -4*f - 520 = -2*r - 0*r, 5*f = -2*r + 484. What is the units digit of r?
2
Suppose 24 = 3*m - 4*u + 5, 0 = 5*m + u - 24. Suppose 0 = 5*d - m, -4*j + 295 = 3*d - 8*d. What is the tens digit of j?
7
Suppose -4*j = 218 - 610. Let i = j + -6. What is the tens digit of i?
9
Let t(y) = 38*y**2 - 10*y + 9. What is the units digit of t(7)?
1
Let f = -621 - -869. What is the hundreds digit of f?
2
What is the thousands digit of 28892/26 + (-150)/650?
1
Suppose -8*q = 186 + 342. Let a = -29 - q. What is the tens digit of a?
3
Let v be (-95)/(-15) + (-1)/3. Let k(x) = 7 + v*x + x - 4 - x. What is the tens digit of k(3)?
2
Suppose -37*o + 37200 = -7*o. What is the tens digit of o?
4
Suppose -4*j + 558 = 2*y, 0 = -5*y + 3*j + 170 + 1238. What is the units digit of y?
1
Suppose -d = -4*h + h + 2, -4*d + 20 = 2*h. Suppose -h*x - f + 120 = 0, -2*x - 2*f + 108 + 12 = 0. What is the tens digit of x?
6
Let z be (-6)/(-12)*(2 + 8). Suppose 2*v + 54 = 5*u - 290, -z*u + 4*v = -338. What is the tens digit of u?
7
Suppose 16*j + j - 12954 = 0. What is the hundreds digit of j?
7
Suppose -5*l + 15 = 0, 5 = -4*b + 2*l - 7*l. Let d(t) = t**2 + 5*t. Let k be d(b). Suppose -3*q - 2*z - 58 = -6*q, q + z - 26 = k. What is the tens digit of q?
2
Let x be (2 + 1)*2/6. Let v(l) = 45*l - 2. What is the units digit of v(x)?
3
Suppose -20086 = -14*x - 8270. What is the tens digit of x?
4
Let v(w) be the second derivative of w**4/12 + w**3 - 3*w**2/2 + 26*w. Suppose 14 = p - 3*p. What is the units digit of v(p)?
4
Let m(f) = -2*f + 4. Let q be m(-1). What is the units